31 (base 6) to base 4.
12323323003
Convert -21851 (base 12) to base 4.
-22311331
Convert -100101110011011110011000 (base 2) to base 4.
-211303132120
-5de7e8 (base 16) to base 11
-3523832
Convert -256010 (base 8) to base 3.
-11112012212
320334 (base 5) to base 9
15630
What is -34104135 (base 6) in base 10?
-1035131
Convert 1010100101111000101 (base 2) to base 15.
6cc87
Convert -320131402 (base 5) to base 14.
-269cb6
Convert 1000110000111000111 (base 2) to base 5.
33142200
b4a8b (base 12) to base 4
321300023
What is 3d83c6 (base 16) in base 5?
2013001210
Convert 680172 (base 11) to base 7.
12132166
Convert 186189a (base 11) to base 9.
5831257
Convert -10a8ba (base 12) to base 13.
-94939
Convert -28143 (base 14) to base 3.
-12000212010
-7a3453 (base 12) to base 13
-535b12
-1012131223 (base 4) to base 13
-a14a6
Convert 780432 (base 9) to base 7.
3651065
Convert 104032021 (base 5) to base 11.
291054
What is 50807 (base 16) in base 9?
552272
What is -8473c (base 16) in base 7?
-4416463
-27022510 (base 8) to base 5
-3021220411
272234 (base 10) to base 5
32202414
Convert 2044240 (base 6) to base 10.
99456
Convert -2a7b9b5 (base 12) to base 4.
-200321323121
-4d2256 (base 15) to base 4
-32020001322
Convert 320333110203 (base 4) to base 10.
14939427
Convert a34127 (base 12) to base 14.
4a810b
What is 4055a (base 14) in base 12?
75658
-10100223 (base 4) to base 8
-42053
What is 32a9b1 (base 13) in base 9?
2220653
-662f5 (base 16) to base 11
-26650a
403022103 (base 5) to base 13
4452c8
What is -89316 (base 14) in base 7?
-2553526
Convert -120214344 (base 5) to base 8.
-2072555
Convert 1452842 (base 10) to base 15.
1da712
What is 311060 (base 9) in base 2?
101101000010101011
10111000111011110 (base 2) to base 8
270736
13755367 (base 8) to base 15
41e3d2
What is 16134604 (base 7) in base 12?
62bb51
Convert cb24c (base 13) to base 8.
1315305
-370688 (base 9) to base 15
-463e5
What is -137261 (base 14) in base 8?
-2441765
What is 364447 (base 10) in base 8?
1307637
What is ab647 (base 13) in base 6?
10355042
What is -102024502 (base 7) in base 11?
-3432873
-6545611 (base 8) to base 15
-24a496
-347f40 (base 16) to base 6
-201424000
Convert 101023101301 (base 4) to base 14.
852c93
What is -2355266 (base 10) in base 3?
-11102122211002
Convert -c3a7 (base 15) to base 6.
-515204
1693831 (base 11) to base 6
141340251
Convert 1030203020 (base 4) to base 13.
ac93a
What is 2021120002000 (base 3) in base 4?
10213310010
What is 111210020122101 (base 3) in base 15?
99ae14
What is 31422033 (base 5) in base 4?
1000131102
c2437 (base 13) to base 6
11242224
Convert -1322401 (base 7) to base 2.
-101010011010111011
What is -313161 (base 9) in base 5?
-21423111
What is cb603 (base 13) in base 2?
1011001110100101100
Convert -1015016 (base 9) to base 15.
-aa75c
What is 1404013 (base 7) in base 3?
100110111111
32220332 (base 4) to base 9
101228
Convert 577604 (base 9) to base 13.
c1ab3
551003 (base 10) to base 9
1028745
Convert -34907b7 (base 12) to base 6.
-1001205151
What is 93d2 (base 15) in base 13?
112b8
Convert 263478 (base 12) to base 3.
1011220100202
Convert 204502 (base 8) to base 6.
1242214
3c5d20 (base 16) to base 8
17056440
What is -227216 (base 8) in base 14?
-20326
Convert 12780b (base 15) to base 10.
886061
Convert 1131639 (base 10) to base 2.
100010100010001110111
What is 110222121010222 (base 3) in base 13?
1578035
210102012220 (base 3) to base 6
13011253
-2b011 (base 16) to base 8
-530021
What is 8715468 (base 9) in base 12?
169585b
What is 1b043bc (base 13) in base 12?
2ba2396
Convert -82115 (base 10) to base 12.
-3b62b
100211031212 (base 4) to base 13
b92637
-11100010101101011 (base 2) to base 11
-7a233
102130203 (base 4) to base 15
175c0
What is -627e4 (base 15) in base 3?
-120212101021
Convert 5cc4b1 (base 13) to base 11.
1290793
-361668 (base 11) to base 13
-170b3c
What is -112100020222000 (base 3) in base 4?
-131010323331
1c57c6 (base 14) to base 3
1220112001121
What is 22183 (base 10) in base 6?
250411
Convert 10110011011010000110 (base 2) to base 7.
6150301
-14432545 (base 6) to base 7
-4161056
1332102333 (base 4) to base 13
151602
3444653 (base 8) to base 9
1676403
242626 (base 8) to base 3
11020100001
Convert -371135 (base 14) to base 8.
-7142273
What is -1110110100110101000110 (base 2) in base 6?
-215144342
564144 (base 9) to base 8
1223360
acc680 (base 13) to base 10
4083144
2e7672 (base 16) to base 6
145133042
What is -5430333 (base 6) in base 12?
-10b3a9
3ca3 (base 14) to base 13
4b62
What is -222201212220 (base 3) in base 10?
-526254
What is 3442308 (base 12) in base 8?
46231470
-112212111120 (base 3) to base 8
-1073527
What is 95e918 (base 15) in base 6?
412544422
-38486 (base 11) to base 5
-3231044
-31305 (base 10) to base 2
-111101001001001
-5550645 (base 7) to base 10
-684612
-100101111011110010 (base 2) to base 16
-25ef2
-3203221020 (base 4) to base 16
-e3a48
What is -202212132001 (base 4) in base 9?
-18054304
2c42c0 (base 14) to base 11
968193
-10000101000110010 (base 2) to base 4
-100220302
-112001101101102 (base 3) to base 12
-2601518
What is 3b4a4d (base 16) in base 11?
2214385
Convert -14c720 (base 15) to base 6.
-33304020
Convert -1120002223 (base 4) to base 7.
-3031240
What is -12213421 (base 5) in base 15?
-248c6
What is 253110340 (base 7) in base 13?
341b7a7
Convert 524100220 (base 6) to base 7.
140536326
What is 4fc5c (base 16) in base 15?
66c33
What is -113320312 (base 4) in base 11?
-67571
ae9c0 (base 15) to base 16
87ab9
Convert 97b34b (base 13) to base 6.
204234353
Convert -340fa9 (base 16) to base 14.
-64b57b
What is -605538 (base 13) in base 8?
-10426223
965cc (base 13) to base 11
175876
What is -158d3e2 (base 15) in base 7?
-246625454
Convert -14202876 (base 9) to base 4.
-122310010032
Convert 2058188 (base 11) to base 3.
20211021120110
What is -5605066 (base 9) in base 13?
-81755a
What is 2898377 (base 11) in base 15?
683d64
What is -590893 (base 10) in base 7?
-5010502
Convert -1010315111 (base 6) to base 2.
-100111100111000000010011
What is ce8da (base 16) in base 14?
180478
Convert -71760 (base 10) to base 4.
-101201100
-62092 (base 10) to base 7
-346012
What is 3602a1 (base 11) in base 10?
571352
Convert 1356835 (base 11) to base 7.
25602103
What is -1112200122202 (base 3) in base 10?
-820604
Convert 3568866 (base 11) to base 3.
102200222111211
-100100000100011000 (base 2) to base 7
-1153501
What is 11c4d2c (base 14) in base 4?
200211123130
What is 1100100111001110 (base 2) in base 8?
144716
Convert -10583635 (base 9) to base 16.
-4e545f
-12853 (base 13) to base 5
-2100000
What is 222120212200021 (base 3) in base 15?
13919d1
What is -ab2bc (base 15) in base 5?
-114402002
Convert -648133 (base 13) to base 6.
-122324541
Convert -7d6c (base 15) to base 16.
-681c
What is 43442121 (base 5) in base 8?
1333605
Convert 1656809 (base 10) to base 6.
55302225
Convert -5c6eae (base 16) to base 8.
-27067256
What is 10c16 (base 15) in base 8?
150142
What is a8a97 (base 12) in base 11?
142390
48744 (base 15) to base 5
24344024
What is 304034342 (base 5) in base 9?
2284564
Convert 137642 (base 8) to base 6.
1015042
-4c6d8 (base 14) to base 6
-4010102
Convert -10001000224 (base 5) to base 12.
-3338596
What is 650814 (base 9) in base 3?
201200220111
30322113 (base 5) to base 12
b9b43
Convert 13222212303 (base 5) to base 8.
77247571
Convert 62863 (base 10) to base 7.
351163
Convert 16caf (base 16) to base 9.
152052
What is -43758a (base 14) in base 6?
-121003142
Convert 10022000303 (base 4) to base 9.
2040562
Convert -230103141 (base 5) to base 4.
-3320310203
Convert -12454012 (base 7) to base 3.
-2010220001001
Convert 20c79 (base 14) to base 11.
54633
-20124143 (base 7) to base 4
-12113300003
What is 134410151 (base 6) in base 5?
1200113030
-111101100010010111 (base 2) to base 14
-67bdd
What is 4b1b28 (base 13) in base 4?
12320102221
What is 3832 (base 11) in base 3?
20212001
What is 1100000010111 (base 2) in base 10?
6167
What is 65426b (base 15) in base 5?
2213322201
What is 336e0 (base 16) in base 11?
1342a6
What is b3a61 (base 13) in base 2?
1001110101111100011
Convert -12101103 (base 4) to base 15.
-7923
1100030003 (base 4) to base 15
674bb
What is -141114211 (base 5) in base 9?
-1321755
Convert a218 (base 15) to base 8.
102657
Co